{"id":379,"date":"2026-04-14T13:49:15","date_gmt":"2026-04-14T11:49:15","guid":{"rendered":"https:\/\/mesekonyved.hu\/?page_id=379"},"modified":"2026-04-14T13:49:56","modified_gmt":"2026-04-14T11:49:56","slug":"szakasz-kartya-ikon-es-kep","status":"publish","type":"page","link":"https:\/\/mesekonyved.hu\/?page_id=379","title":{"rendered":"SZAKASZ &#8211; K\u00e1rtya &#8211; Ikon \u00e9s k\u00e9p"},"content":{"rendered":"\t\t<div data-elementor-type=\"wp-page\" data-elementor-id=\"379\" class=\"elementor elementor-379\" data-elementor-post-type=\"page\">\n\t\t\t\t<div class=\"elementor-element elementor-element-bccfc06 e-flex e-con-boxed e-con e-parent\" data-id=\"bccfc06\" data-element_type=\"container\" data-e-type=\"container\">\n\t\t\t\t\t<div class=\"e-con-inner\">\n\t\t\t\t<div class=\"elementor-element elementor-element-44a53f4f elementor-widget__width-initial elementor-widget elementor-widget-heading\" data-id=\"44a53f4f\" data-element_type=\"widget\" data-e-type=\"widget\" data-widget_type=\"heading.default\">\n\t\t\t\t\t<span class=\"elementor-heading-title elementor-size-default\">Alc\u00edm, ami seg\u00edti a c\u00edmsorodat<\/span>\t\t\t\t<\/div>\n\t\t\t\t<div class=\"elementor-element elementor-element-55a23814 elementor-widget__width-initial elementor-widget elementor-widget-heading\" data-id=\"55a23814\" data-element_type=\"widget\" data-e-type=\"widget\" data-widget_type=\"heading.default\">\n\t\t\t\t\t<h2 class=\"elementor-heading-title elementor-size-default\">Meggy\u0151z\u0151 c\u00edmsor, r\u00f6viden le\u00edrva<\/h2>\t\t\t\t<\/div>\n\t\t\t\t<div class=\"elementor-element elementor-element-7243d56d elementor-widget__width-initial elementor-widget elementor-widget-text-editor\" data-id=\"7243d56d\" data-element_type=\"widget\" data-e-type=\"widget\" data-widget_type=\"text-editor.default\">\n\t\t\t\t\t\t\t\t\t<p>Mutasd be a probl\u00e9m\u00e1t, amit megoldasz, emeld ki a c\u00e9lk\u00f6z\u00f6ns\u00e9get, bizony\u00edt\u00e9kaidat vagy egy el\u0151ny\u00f6d,\u2028funkci\u00f3d. M\u00e1r csak \u00f6ssze kell v\u00e1logatnod kedvenceidet, \u00e9s mehet a leg\u00f3z\u00e1s! \u00cdrj nyugodtan saj\u00e1t \u2028sz\u00f6vegeket is.<\/p>\t\t\t\t\t\t\t\t<\/div>\n\t\t\t\t<div class=\"elementor-element elementor-element-1c25fd3e elementor-widget elementor-widget-image\" data-id=\"1c25fd3e\" data-element_type=\"widget\" data-e-type=\"widget\" data-widget_type=\"image.default\">\n\t\t\t\t\t\t\t\t\t\t\t\t\t\t\t<img fetchpriority=\"high\" decoding=\"async\" width=\"1920\" height=\"540\" src=\"https:\/\/mesekonyved.hu\/wp-content\/uploads\/2026\/04\/Kep-19.webp\" class=\"attachment-full size-full wp-image-41\" alt=\"\" srcset=\"https:\/\/mesekonyved.hu\/wp-content\/uploads\/2026\/04\/Kep-19.webp 1920w, https:\/\/mesekonyved.hu\/wp-content\/uploads\/2026\/04\/Kep-19-600x169.webp 600w, https:\/\/mesekonyved.hu\/wp-content\/uploads\/2026\/04\/Kep-19-700x197.webp 700w, https:\/\/mesekonyved.hu\/wp-content\/uploads\/2026\/04\/Kep-19-1024x288.webp 1024w, https:\/\/mesekonyved.hu\/wp-content\/uploads\/2026\/04\/Kep-19-768x216.webp 768w, https:\/\/mesekonyved.hu\/wp-content\/uploads\/2026\/04\/Kep-19-1536x432.webp 1536w\" sizes=\"(max-width: 1920px) 100vw, 1920px\" \/>\t\t\t\t\t\t\t\t\t\t\t\t\t\t\t<\/div>\n\t\t<div class=\"elementor-element elementor-element-2227b44 e-con-full e-flex e-con e-child\" data-id=\"2227b44\" data-element_type=\"container\" data-e-type=\"container\">\n\t\t<div class=\"elementor-element elementor-element-4517046d e-con-full e-flex e-con e-child\" data-id=\"4517046d\" data-element_type=\"container\" data-e-type=\"container\">\n\t\t\t\t<div class=\"elementor-element elementor-element-6fbf0f70 elementor-position-left elementor-vertical-align-middle elementor-widget elementor-widget-image-box\" data-id=\"6fbf0f70\" data-element_type=\"widget\" data-e-type=\"widget\" data-widget_type=\"image-box.default\">\n\t\t\t\t\t<div class=\"elementor-image-box-wrapper\"><figure class=\"elementor-image-box-img\"><img decoding=\"async\" src=\"https:\/\/mesekonyved.hu\/wp-content\/plugins\/elementor\/assets\/images\/placeholder.png\" title=\"\" alt=\"\" loading=\"lazy\" \/><\/figure><div class=\"elementor-image-box-content\"><span class=\"elementor-image-box-title\">Meggy\u0151z\u0151 c\u00edmsor, r\u00f6viden le\u00edrva<\/span><\/div><\/div>\t\t\t\t<\/div>\n\t\t\t\t<div class=\"elementor-element elementor-element-678bf387 elementor-widget elementor-widget-text-editor\" data-id=\"678bf387\" data-element_type=\"widget\" data-e-type=\"widget\" data-widget_type=\"text-editor.default\">\n\t\t\t\t\t\t\t\t\t<p>Mutasd be a probl\u00e9m\u00e1t, amit megoldasz, emeld ki a c\u00e9lk\u00f6z\u00f6ns\u00e9get, bizony\u00edt\u00e9kaidat vagy egy el\u0151ny\u00f6d, funkci\u00f3d.<\/p>\t\t\t\t\t\t\t\t<\/div>\n\t\t\t\t<\/div>\n\t\t<div class=\"elementor-element elementor-element-24d6342d e-con-full e-flex e-con e-child\" data-id=\"24d6342d\" data-element_type=\"container\" data-e-type=\"container\">\n\t\t\t\t<div class=\"elementor-element elementor-element-5e91e539 elementor-position-left elementor-vertical-align-middle elementor-widget elementor-widget-image-box\" data-id=\"5e91e539\" data-element_type=\"widget\" data-e-type=\"widget\" data-widget_type=\"image-box.default\">\n\t\t\t\t\t<div class=\"elementor-image-box-wrapper\"><figure class=\"elementor-image-box-img\"><img decoding=\"async\" src=\"https:\/\/mesekonyved.hu\/wp-content\/plugins\/elementor\/assets\/images\/placeholder.png\" title=\"\" alt=\"\" loading=\"lazy\" \/><\/figure><div class=\"elementor-image-box-content\"><span class=\"elementor-image-box-title\">Meggy\u0151z\u0151 c\u00edmsor, r\u00f6viden le\u00edrva<\/span><\/div><\/div>\t\t\t\t<\/div>\n\t\t\t\t<div class=\"elementor-element elementor-element-241c2d30 elementor-widget elementor-widget-text-editor\" data-id=\"241c2d30\" data-element_type=\"widget\" data-e-type=\"widget\" data-widget_type=\"text-editor.default\">\n\t\t\t\t\t\t\t\t\t<p>Mutasd be a probl\u00e9m\u00e1t, amit megoldasz, emeld ki a c\u00e9lk\u00f6z\u00f6ns\u00e9get, bizony\u00edt\u00e9kaidat vagy egy el\u0151ny\u00f6d, funkci\u00f3d.<\/p>\t\t\t\t\t\t\t\t<\/div>\n\t\t\t\t<\/div>\n\t\t<div class=\"elementor-element elementor-element-9b8782a e-con-full e-flex e-con e-child\" data-id=\"9b8782a\" data-element_type=\"container\" data-e-type=\"container\">\n\t\t\t\t<div class=\"elementor-element elementor-element-578c61c4 elementor-position-left elementor-vertical-align-middle elementor-widget elementor-widget-image-box\" data-id=\"578c61c4\" data-element_type=\"widget\" data-e-type=\"widget\" data-widget_type=\"image-box.default\">\n\t\t\t\t\t<div class=\"elementor-image-box-wrapper\"><figure class=\"elementor-image-box-img\"><img decoding=\"async\" src=\"https:\/\/mesekonyved.hu\/wp-content\/plugins\/elementor\/assets\/images\/placeholder.png\" title=\"\" alt=\"\" loading=\"lazy\" \/><\/figure><div class=\"elementor-image-box-content\"><span class=\"elementor-image-box-title\">Meggy\u0151z\u0151 c\u00edmsor, r\u00f6viden le\u00edrva<\/span><\/div><\/div>\t\t\t\t<\/div>\n\t\t\t\t<div class=\"elementor-element elementor-element-399f202e elementor-widget elementor-widget-text-editor\" data-id=\"399f202e\" data-element_type=\"widget\" data-e-type=\"widget\" data-widget_type=\"text-editor.default\">\n\t\t\t\t\t\t\t\t\t<p>Mutasd be a probl\u00e9m\u00e1t, amit megoldasz, emeld ki a c\u00e9lk\u00f6z\u00f6ns\u00e9get, bizony\u00edt\u00e9kaidat vagy egy el\u0151ny\u00f6d, funkci\u00f3d.<\/p>\t\t\t\t\t\t\t\t<\/div>\n\t\t\t\t<\/div>\n\t\t\t\t<\/div>\n\t\t\t\t\t<\/div>\n\t\t\t\t<\/div>\n\t\t<div class=\"elementor-element elementor-element-4d24d80a e-con-full e-flex e-con e-parent\" data-id=\"4d24d80a\" data-element_type=\"container\" data-e-type=\"container\" data-settings=\"{&quot;background_background&quot;:&quot;classic&quot;}\">\n\t\t\t\t<div class=\"elementor-element elementor-element-25e0a332 elementor-widget-divider--view-line elementor-widget elementor-widget-divider\" data-id=\"25e0a332\" data-element_type=\"widget\" data-e-type=\"widget\" data-widget_type=\"divider.default\">\n\t\t\t\t\t\t\t<div class=\"elementor-divider\">\n\t\t\t<span class=\"elementor-divider-separator\">\n\t\t\t\t\t\t<\/span>\n\t\t<\/div>\n\t\t\t\t\t\t<\/div>\n\t\t\t\t<\/div>\n\t\t<div class=\"elementor-element elementor-element-41d4cab5 e-con-full e-flex e-con e-parent\" data-id=\"41d4cab5\" data-element_type=\"container\" data-e-type=\"container\">\n\t\t<div class=\"elementor-element elementor-element-410841d2 e-con-full e-flex e-con e-child\" data-id=\"410841d2\" data-element_type=\"container\" data-e-type=\"container\" data-settings=\"{&quot;background_background&quot;:&quot;classic&quot;}\">\n\t\t\t\t<\/div>\n\t\t<div class=\"elementor-element elementor-element-f26d6f9 e-flex e-con-boxed e-con e-child\" data-id=\"f26d6f9\" data-element_type=\"container\" data-e-type=\"container\">\n\t\t\t\t\t<div class=\"e-con-inner\">\n\t\t<div class=\"elementor-element elementor-element-516c5665 e-con-full e-flex e-con e-child\" data-id=\"516c5665\" data-element_type=\"container\" data-e-type=\"container\">\n\t\t\t\t<div class=\"elementor-element elementor-element-5b93dbb5 elementor-position-left elementor-vertical-align-middle elementor-widget elementor-widget-image-box\" data-id=\"5b93dbb5\" data-element_type=\"widget\" data-e-type=\"widget\" data-widget_type=\"image-box.default\">\n\t\t\t\t\t<div class=\"elementor-image-box-wrapper\"><figure class=\"elementor-image-box-img\"><img decoding=\"async\" src=\"https:\/\/mesekonyved.hu\/wp-content\/plugins\/elementor\/assets\/images\/placeholder.png\" title=\"\" alt=\"\" loading=\"lazy\" \/><\/figure><div class=\"elementor-image-box-content\"><span class=\"elementor-image-box-title\">Meggy\u0151z\u0151 c\u00edmsor, r\u00f6viden le\u00edrva<\/span><\/div><\/div>\t\t\t\t<\/div>\n\t\t\t\t<div class=\"elementor-element elementor-element-57bf0931 elementor-widget elementor-widget-text-editor\" data-id=\"57bf0931\" data-element_type=\"widget\" data-e-type=\"widget\" data-widget_type=\"text-editor.default\">\n\t\t\t\t\t\t\t\t\t<p>Mutasd be a probl\u00e9m\u00e1t, amit megoldasz, emeld ki a c\u00e9lk\u00f6z\u00f6ns\u00e9get, bizony\u00edt\u00e9kaidat vagy egy el\u0151ny\u00f6d, funkci\u00f3d.<\/p>\t\t\t\t\t\t\t\t<\/div>\n\t\t\t\t<\/div>\n\t\t<div class=\"elementor-element elementor-element-59399776 e-con-full e-flex e-con e-child\" data-id=\"59399776\" data-element_type=\"container\" data-e-type=\"container\">\n\t\t\t\t<div class=\"elementor-element elementor-element-5e87c71c elementor-position-left elementor-vertical-align-middle elementor-widget elementor-widget-image-box\" data-id=\"5e87c71c\" data-element_type=\"widget\" data-e-type=\"widget\" data-widget_type=\"image-box.default\">\n\t\t\t\t\t<div class=\"elementor-image-box-wrapper\"><figure class=\"elementor-image-box-img\"><img decoding=\"async\" src=\"https:\/\/mesekonyved.hu\/wp-content\/plugins\/elementor\/assets\/images\/placeholder.png\" title=\"\" alt=\"\" loading=\"lazy\" \/><\/figure><div class=\"elementor-image-box-content\"><span class=\"elementor-image-box-title\">Meggy\u0151z\u0151 c\u00edmsor, r\u00f6viden le\u00edrva<\/span><\/div><\/div>\t\t\t\t<\/div>\n\t\t\t\t<div class=\"elementor-element elementor-element-7aab6ede elementor-widget elementor-widget-text-editor\" data-id=\"7aab6ede\" data-element_type=\"widget\" data-e-type=\"widget\" data-widget_type=\"text-editor.default\">\n\t\t\t\t\t\t\t\t\t<p>Mutasd be a probl\u00e9m\u00e1t, amit megoldasz, emeld ki a c\u00e9lk\u00f6z\u00f6ns\u00e9get, bizony\u00edt\u00e9kaidat vagy egy el\u0151ny\u00f6d, funkci\u00f3d.<\/p>\t\t\t\t\t\t\t\t<\/div>\n\t\t\t\t<\/div>\n\t\t<div class=\"elementor-element elementor-element-19d47a8 e-con-full e-flex e-con e-child\" data-id=\"19d47a8\" data-element_type=\"container\" data-e-type=\"container\">\n\t\t\t\t<div class=\"elementor-element elementor-element-3feeb381 elementor-position-left elementor-vertical-align-middle elementor-widget elementor-widget-image-box\" data-id=\"3feeb381\" data-element_type=\"widget\" data-e-type=\"widget\" data-widget_type=\"image-box.default\">\n\t\t\t\t\t<div class=\"elementor-image-box-wrapper\"><figure class=\"elementor-image-box-img\"><img decoding=\"async\" src=\"https:\/\/mesekonyved.hu\/wp-content\/plugins\/elementor\/assets\/images\/placeholder.png\" title=\"\" alt=\"\" loading=\"lazy\" \/><\/figure><div class=\"elementor-image-box-content\"><span class=\"elementor-image-box-title\">Meggy\u0151z\u0151 c\u00edmsor, r\u00f6viden le\u00edrva<\/span><\/div><\/div>\t\t\t\t<\/div>\n\t\t\t\t<div class=\"elementor-element elementor-element-450bbb44 elementor-widget elementor-widget-text-editor\" data-id=\"450bbb44\" data-element_type=\"widget\" data-e-type=\"widget\" data-widget_type=\"text-editor.default\">\n\t\t\t\t\t\t\t\t\t<p>Mutasd be a probl\u00e9m\u00e1t, amit megoldasz, emeld ki a c\u00e9lk\u00f6z\u00f6ns\u00e9get, bizony\u00edt\u00e9kaidat vagy egy el\u0151ny\u00f6d, funkci\u00f3d.<\/p>\t\t\t\t\t\t\t\t<\/div>\n\t\t\t\t<\/div>\n\t\t\t\t\t<\/div>\n\t\t\t\t<\/div>\n\t\t\t\t<\/div>\n\t\t<div class=\"elementor-element elementor-element-2f7d8159 e-con-full e-flex e-con e-parent\" data-id=\"2f7d8159\" data-element_type=\"container\" data-e-type=\"container\" data-settings=\"{&quot;background_background&quot;:&quot;classic&quot;}\">\n\t\t\t\t<div class=\"elementor-element elementor-element-37c801e4 elementor-widget-divider--view-line elementor-widget elementor-widget-divider\" data-id=\"37c801e4\" data-element_type=\"widget\" data-e-type=\"widget\" data-widget_type=\"divider.default\">\n\t\t\t\t\t\t\t<div class=\"elementor-divider\">\n\t\t\t<span class=\"elementor-divider-separator\">\n\t\t\t\t\t\t<\/span>\n\t\t<\/div>\n\t\t\t\t\t\t<\/div>\n\t\t\t\t<\/div>\n\t\t<div class=\"elementor-element elementor-element-7e1407f4 e-con-full e-flex e-con e-parent\" data-id=\"7e1407f4\" data-element_type=\"container\" data-e-type=\"container\">\n\t\t<div class=\"elementor-element elementor-element-10a6f623 e-flex e-con-boxed e-con e-child\" data-id=\"10a6f623\" data-element_type=\"container\" data-e-type=\"container\">\n\t\t\t\t\t<div class=\"e-con-inner\">\n\t\t\t\t<div class=\"elementor-element elementor-element-1cb08e44 elementor-widget__width-initial elementor-widget elementor-widget-heading\" data-id=\"1cb08e44\" data-element_type=\"widget\" data-e-type=\"widget\" data-widget_type=\"heading.default\">\n\t\t\t\t\t<span class=\"elementor-heading-title elementor-size-default\">Alc\u00edm, ami seg\u00edti a c\u00edmsorodat<\/span>\t\t\t\t<\/div>\n\t\t\t\t<div class=\"elementor-element elementor-element-1a38e75e elementor-widget__width-initial elementor-widget elementor-widget-heading\" data-id=\"1a38e75e\" data-element_type=\"widget\" data-e-type=\"widget\" data-widget_type=\"heading.default\">\n\t\t\t\t\t<h2 class=\"elementor-heading-title elementor-size-default\">Meggy\u0151z\u0151 c\u00edmsor, r\u00f6viden le\u00edrva<\/h2>\t\t\t\t<\/div>\n\t\t\t\t<div class=\"elementor-element elementor-element-3cc03442 elementor-widget__width-initial elementor-widget elementor-widget-text-editor\" data-id=\"3cc03442\" data-element_type=\"widget\" data-e-type=\"widget\" data-widget_type=\"text-editor.default\">\n\t\t\t\t\t\t\t\t\t<p>Mutasd be a probl\u00e9m\u00e1t, amit megoldasz, emeld ki a c\u00e9lk\u00f6z\u00f6ns\u00e9get, bizony\u00edt\u00e9kaidat vagy egy el\u0151ny\u00f6d,\u2028funkci\u00f3d. M\u00e1r csak \u00f6ssze kell v\u00e1logatnod kedvenceidet, \u00e9s mehet a leg\u00f3z\u00e1s! \u00cdrj nyugodtan saj\u00e1t \u2028sz\u00f6vegeket is.<\/p>\t\t\t\t\t\t\t\t<\/div>\n\t\t\t\t\t<\/div>\n\t\t\t\t<\/div>\n\t\t<div class=\"elementor-element elementor-element-4aec4b15 e-con-full e-flex e-con e-child\" data-id=\"4aec4b15\" data-element_type=\"container\" data-e-type=\"container\" data-settings=\"{&quot;background_background&quot;:&quot;classic&quot;}\">\n\t\t\t\t<\/div>\n\t\t<div class=\"elementor-element elementor-element-23953df2 e-flex e-con-boxed e-con e-child\" data-id=\"23953df2\" data-element_type=\"container\" data-e-type=\"container\">\n\t\t\t\t\t<div class=\"e-con-inner\">\n\t\t<div class=\"elementor-element elementor-element-416834ce e-con-full e-flex e-con e-child\" data-id=\"416834ce\" data-element_type=\"container\" data-e-type=\"container\">\n\t\t\t\t<div class=\"elementor-element elementor-element-4611c623 elementor-position-left elementor-vertical-align-middle elementor-widget elementor-widget-image-box\" data-id=\"4611c623\" data-element_type=\"widget\" data-e-type=\"widget\" data-widget_type=\"image-box.default\">\n\t\t\t\t\t<div class=\"elementor-image-box-wrapper\"><figure class=\"elementor-image-box-img\"><img decoding=\"async\" src=\"https:\/\/mesekonyved.hu\/wp-content\/plugins\/elementor\/assets\/images\/placeholder.png\" title=\"\" alt=\"\" loading=\"lazy\" \/><\/figure><div class=\"elementor-image-box-content\"><span class=\"elementor-image-box-title\">Meggy\u0151z\u0151 c\u00edmsor, r\u00f6viden le\u00edrva<\/span><\/div><\/div>\t\t\t\t<\/div>\n\t\t\t\t<div class=\"elementor-element elementor-element-27088f2b elementor-widget elementor-widget-text-editor\" data-id=\"27088f2b\" data-element_type=\"widget\" data-e-type=\"widget\" data-widget_type=\"text-editor.default\">\n\t\t\t\t\t\t\t\t\t<p>Mutasd be a probl\u00e9m\u00e1t, amit megoldasz, emeld ki a c\u00e9lk\u00f6z\u00f6ns\u00e9get, bizony\u00edt\u00e9kaidat vagy egy el\u0151ny\u00f6d, funkci\u00f3d.<\/p>\t\t\t\t\t\t\t\t<\/div>\n\t\t\t\t<\/div>\n\t\t<div class=\"elementor-element elementor-element-78d5aa3a e-con-full e-flex e-con e-child\" data-id=\"78d5aa3a\" data-element_type=\"container\" data-e-type=\"container\">\n\t\t\t\t<div class=\"elementor-element elementor-element-392731ee elementor-position-left elementor-vertical-align-middle elementor-widget elementor-widget-image-box\" data-id=\"392731ee\" data-element_type=\"widget\" data-e-type=\"widget\" data-widget_type=\"image-box.default\">\n\t\t\t\t\t<div class=\"elementor-image-box-wrapper\"><figure class=\"elementor-image-box-img\"><img decoding=\"async\" src=\"https:\/\/mesekonyved.hu\/wp-content\/plugins\/elementor\/assets\/images\/placeholder.png\" title=\"\" alt=\"\" loading=\"lazy\" \/><\/figure><div class=\"elementor-image-box-content\"><span class=\"elementor-image-box-title\">Meggy\u0151z\u0151 c\u00edmsor, r\u00f6viden le\u00edrva<\/span><\/div><\/div>\t\t\t\t<\/div>\n\t\t\t\t<div class=\"elementor-element elementor-element-f6b7e4f elementor-widget elementor-widget-text-editor\" data-id=\"f6b7e4f\" data-element_type=\"widget\" data-e-type=\"widget\" data-widget_type=\"text-editor.default\">\n\t\t\t\t\t\t\t\t\t<p>Mutasd be a probl\u00e9m\u00e1t, amit megoldasz, emeld ki a c\u00e9lk\u00f6z\u00f6ns\u00e9get, bizony\u00edt\u00e9kaidat vagy egy el\u0151ny\u00f6d, funkci\u00f3d.<\/p>\t\t\t\t\t\t\t\t<\/div>\n\t\t\t\t<\/div>\n\t\t<div class=\"elementor-element elementor-element-31610362 e-con-full e-flex e-con e-child\" data-id=\"31610362\" data-element_type=\"container\" data-e-type=\"container\">\n\t\t\t\t<div class=\"elementor-element elementor-element-675591b7 elementor-position-left elementor-vertical-align-middle elementor-widget elementor-widget-image-box\" data-id=\"675591b7\" data-element_type=\"widget\" data-e-type=\"widget\" data-widget_type=\"image-box.default\">\n\t\t\t\t\t<div class=\"elementor-image-box-wrapper\"><figure class=\"elementor-image-box-img\"><img decoding=\"async\" src=\"https:\/\/mesekonyved.hu\/wp-content\/plugins\/elementor\/assets\/images\/placeholder.png\" title=\"\" alt=\"\" loading=\"lazy\" \/><\/figure><div class=\"elementor-image-box-content\"><span class=\"elementor-image-box-title\">Meggy\u0151z\u0151 c\u00edmsor, r\u00f6viden le\u00edrva<\/span><\/div><\/div>\t\t\t\t<\/div>\n\t\t\t\t<div class=\"elementor-element elementor-element-3a0f0f73 elementor-widget elementor-widget-text-editor\" data-id=\"3a0f0f73\" data-element_type=\"widget\" data-e-type=\"widget\" data-widget_type=\"text-editor.default\">\n\t\t\t\t\t\t\t\t\t<p>Mutasd be a probl\u00e9m\u00e1t, amit megoldasz, emeld ki a c\u00e9lk\u00f6z\u00f6ns\u00e9get, bizony\u00edt\u00e9kaidat vagy egy el\u0151ny\u00f6d, funkci\u00f3d.<\/p>\t\t\t\t\t\t\t\t<\/div>\n\t\t\t\t<\/div>\n\t\t\t\t\t<\/div>\n\t\t\t\t<\/div>\n\t\t\t\t<\/div>\n\t\t\t\t<\/div>\n\t\t","protected":false},"excerpt":{"rendered":"<p>Alc\u00edm, ami seg\u00edti a c\u00edmsorodat Meggy\u0151z\u0151 c\u00edmsor, r\u00f6viden le\u00edrva Mutasd be a probl\u00e9m\u00e1t, amit megoldasz, emeld ki a c\u00e9lk\u00f6z\u00f6ns\u00e9get, bizony\u00edt\u00e9kaidat vagy egy el\u0151ny\u00f6d,\u2028funkci\u00f3d. M\u00e1r csak \u00f6ssze kell v\u00e1logatnod kedvenceidet, \u00e9s mehet a leg\u00f3z\u00e1s! \u00cdrj nyugodtan saj\u00e1t \u2028sz\u00f6vegeket is. Meggy\u0151z\u0151 c\u00edmsor, r\u00f6viden le\u00edrva Mutasd be a probl\u00e9m\u00e1t, amit megoldasz, emeld ki a c\u00e9lk\u00f6z\u00f6ns\u00e9get, bizony\u00edt\u00e9kaidat vagy egy [&hellip;]<\/p>\n","protected":false},"author":1,"featured_media":0,"parent":0,"menu_order":0,"comment_status":"closed","ping_status":"closed","template":"","meta":{"footnotes":""},"class_list":["post-379","page","type-page","status-publish","hentry"],"_links":{"self":[{"href":"https:\/\/mesekonyved.hu\/index.php?rest_route=\/wp\/v2\/pages\/379","targetHints":{"allow":["GET"]}}],"collection":[{"href":"https:\/\/mesekonyved.hu\/index.php?rest_route=\/wp\/v2\/pages"}],"about":[{"href":"https:\/\/mesekonyved.hu\/index.php?rest_route=\/wp\/v2\/types\/page"}],"author":[{"embeddable":true,"href":"https:\/\/mesekonyved.hu\/index.php?rest_route=\/wp\/v2\/users\/1"}],"replies":[{"embeddable":true,"href":"https:\/\/mesekonyved.hu\/index.php?rest_route=%2Fwp%2Fv2%2Fcomments&post=379"}],"version-history":[{"count":4,"href":"https:\/\/mesekonyved.hu\/index.php?rest_route=\/wp\/v2\/pages\/379\/revisions"}],"predecessor-version":[{"id":569,"href":"https:\/\/mesekonyved.hu\/index.php?rest_route=\/wp\/v2\/pages\/379\/revisions\/569"}],"wp:attachment":[{"href":"https:\/\/mesekonyved.hu\/index.php?rest_route=%2Fwp%2Fv2%2Fmedia&parent=379"}],"curies":[{"name":"wp","href":"https:\/\/api.w.org\/{rel}","templated":true}]}}